{"id":54006,"date":"2025-06-02T13:37:03","date_gmt":"2025-06-02T11:37:03","guid":{"rendered":"https:\/\/gsk.de\/?post_type=gsk_events&#038;p=54006"},"modified":"2025-06-27T16:58:43","modified_gmt":"2025-06-27T14:58:43","slug":"verjaehrung-am-bau-anwaltliche-strategien-und-haftungsfallen","status":"publish","type":"gsk_events","link":"https:\/\/gsk.de\/de\/event\/verjaehrung-am-bau-anwaltliche-strategien-und-haftungsfallen\/","title":{"rendered":"Verj\u00e4hrung am Bau: anwaltliche Strategien und Haftungsfallen"},"content":{"rendered":"\n<p>Vom 20. &#8211; 21. November 2025 bietet die DeutscheAnwaltAkademie ein Seminarpaket im Bau- und Architektenrecht in Frankfurt an.<\/p>\n\n\n\n<p>Hierbei wird unser Partner Prof. Dr. Oliver Moufang am 21. November 2025 zum Thema &#8222;Verj\u00e4hrung am Bau: anwaltliche Strategien und Haftungsfallen&#8220; referieren.<\/p>\n\n\n\n<p>Das Seminar richtet sich an Rechtsanw\u00e4lte und Rechtsanw\u00e4ltinnen, insbesondere Fachanw\u00e4lte und Fachanw\u00e4ltinnen f\u00fcr Bau- und Architektenrecht, die sich gezielt mit der Verj\u00e4hrungsproblematik besch\u00e4ftigen m\u00f6chten<\/p>\n\n\n\n<p>In diesem Seminar werden gezielt die aktuellen Fragen und Schwierigkeiten mit der Verj\u00e4hrung anhand der einzelnen Tatbest\u00e4nde erl\u00e4utert. Strategien zur Sicherung der Anspr\u00fcche und zur Vermeidung von Haftungsfallen werden dargestellt.<\/p>\n\n\n\n<p><strong>Schwerpunkte:<\/strong><\/p>\n\n\n<style>.wp-block-kadence-iconlist.kt-svg-icon-list-items54006_41399c-dd:not(.this-stops-third-party-issues){margin-top:0px;margin-bottom:0px;}.wp-block-kadence-iconlist.kt-svg-icon-list-items54006_41399c-dd ul.kt-svg-icon-list:not(.this-prevents-issues):not(.this-stops-third-party-issues):not(.tijsloc){margin-top:0px;margin-right:0px;margin-bottom:var(--global-kb-spacing-sm, 1.5rem);margin-left:0px;}.wp-block-kadence-iconlist.kt-svg-icon-list-items54006_41399c-dd ul.kt-svg-icon-list{grid-row-gap:5px;}.wp-block-kadence-iconlist.kt-svg-icon-list-items54006_41399c-dd ul.kt-svg-icon-list .kt-svg-icon-list-item-wrap .kt-svg-icon-list-single{margin-right:10px;}.kt-svg-icon-list-items54006_41399c-dd ul.kt-svg-icon-list .kt-svg-icon-list-level-0 .kt-svg-icon-list-single svg{font-size:20px;}<\/style>\n<div class=\"wp-block-kadence-iconlist kt-svg-icon-list-items kt-svg-icon-list-items54006_41399c-dd kt-svg-icon-list-columns-1 alignnone\"><ul class=\"kt-svg-icon-list\"><style>.kt-svg-icon-list-item-54006_6c6934-42 .kt-svg-icon-list-text mark.kt-highlight{background-color:unset;font-style:normal;color:#f76a0c;-webkit-box-decoration-break:clone;box-decoration-break:clone;padding-top:0px;padding-right:0px;padding-bottom:0px;padding-left:0px;}<\/style>\n<li class=\"wp-block-kadence-listitem kt-svg-icon-list-item-wrap kt-svg-icon-list-item-54006_6c6934-42\"><span class=\"kb-svg-icon-wrap kb-svg-icon-fe_checkCircle kt-svg-icon-list-single\"><svg viewBox=\"0 0 24 24\"  fill=\"none\" stroke=\"currentColor\" stroke-width=\"2\" stroke-linecap=\"round\" stroke-linejoin=\"round\" xmlns=\"http:\/\/www.w3.org\/2000\/svg\"  aria-hidden=\"true\"><path d=\"M22 11.08V12a10 10 0 1 1-5.93-9.14\"\/><polyline points=\"22 4 12 14.01 9 11.01\"\/><\/svg><\/span><span class=\"kt-svg-icon-list-text\">Grundlagen des Verj\u00e4hrungsrechts, insbesondere zur werkvertraglichen Verj\u00e4hrung gem. \u00a7 634a BGB und zur regelm\u00e4\u00dfigen Verj\u00e4hrungsfrist gem. \u00a7\u00a7 195, 199 BGB, Vereinbarungen zur Verj\u00e4hrung unter Ber\u00fccksichtigung des AGB-Rechts, Ausgestaltungen von Verj\u00e4hrungsverzichtserkl\u00e4rungen.<\/span><\/li>\n\n\n<style>.kt-svg-icon-list-item-54006_e9eca9-76 .kt-svg-icon-list-text mark.kt-highlight{background-color:unset;font-style:normal;color:#f76a0c;-webkit-box-decoration-break:clone;box-decoration-break:clone;padding-top:0px;padding-right:0px;padding-bottom:0px;padding-left:0px;}<\/style>\n<li class=\"wp-block-kadence-listitem kt-svg-icon-list-item-wrap kt-svg-icon-list-item-54006_e9eca9-76\"><span class=\"kb-svg-icon-wrap kb-svg-icon-fe_checkCircle kt-svg-icon-list-single\"><svg viewBox=\"0 0 24 24\"  fill=\"none\" stroke=\"currentColor\" stroke-width=\"2\" stroke-linecap=\"round\" stroke-linejoin=\"round\" xmlns=\"http:\/\/www.w3.org\/2000\/svg\"  aria-hidden=\"true\"><path d=\"M22 11.08V12a10 10 0 1 1-5.93-9.14\"\/><polyline points=\"22 4 12 14.01 9 11.01\"\/><\/svg><\/span><span class=\"kt-svg-icon-list-text\">Hemmung und Neubeginn der Verj\u00e4hrung, insbesondere Hemmung durch Verhandlungen, Hemmung durch Rechtsverfolgung (u. a. Klage, Mahnbescheid, Streitverk\u00fcndung), Hemmung durch selbst\u00e4ndiges Beweisverfahren.<\/span><\/li>\n\n\n<style>.kt-svg-icon-list-item-54006_89f176-37 .kt-svg-icon-list-text mark.kt-highlight{background-color:unset;font-style:normal;color:#f76a0c;-webkit-box-decoration-break:clone;box-decoration-break:clone;padding-top:0px;padding-right:0px;padding-bottom:0px;padding-left:0px;}<\/style>\n<li class=\"wp-block-kadence-listitem kt-svg-icon-list-item-wrap kt-svg-icon-list-item-54006_89f176-37\"><span class=\"kb-svg-icon-wrap kb-svg-icon-fe_checkCircle kt-svg-icon-list-single\"><svg viewBox=\"0 0 24 24\"  fill=\"none\" stroke=\"currentColor\" stroke-width=\"2\" stroke-linecap=\"round\" stroke-linejoin=\"round\" xmlns=\"http:\/\/www.w3.org\/2000\/svg\"  aria-hidden=\"true\"><path d=\"M22 11.08V12a10 10 0 1 1-5.93-9.14\"\/><polyline points=\"22 4 12 14.01 9 11.01\"\/><\/svg><\/span><span class=\"kt-svg-icon-list-text\">Zur Verj\u00e4hrung besonderer Anspr\u00fcche, insbesondere Anspr\u00fcche aus B\u00fcrgschaft, Verg\u00fctungsanspr\u00fcche nach BGB und VOB\/B, Honoraranspr\u00fcche von Architekten und Architektinnen bzw. Sonderfachleuten, Verj\u00e4hrung in Bautr\u00e4gervertr\u00e4gen, Verj\u00e4hrung im Gesamtschuldnerausgleich.<\/span><\/li>\n\n\n<style>.kt-svg-icon-list-item-54006_130196-65 .kt-svg-icon-list-text mark.kt-highlight{background-color:unset;font-style:normal;color:#f76a0c;-webkit-box-decoration-break:clone;box-decoration-break:clone;padding-top:0px;padding-right:0px;padding-bottom:0px;padding-left:0px;}<\/style>\n<li class=\"wp-block-kadence-listitem kt-svg-icon-list-item-wrap kt-svg-icon-list-item-54006_130196-65\"><span class=\"kb-svg-icon-wrap kb-svg-icon-fe_checkCircle kt-svg-icon-list-single\"><svg viewBox=\"0 0 24 24\"  fill=\"none\" stroke=\"currentColor\" stroke-width=\"2\" stroke-linecap=\"round\" stroke-linejoin=\"round\" xmlns=\"http:\/\/www.w3.org\/2000\/svg\"  aria-hidden=\"true\"><path d=\"M22 11.08V12a10 10 0 1 1-5.93-9.14\"\/><polyline points=\"22 4 12 14.01 9 11.01\"\/><\/svg><\/span><span class=\"kt-svg-icon-list-text\">Prozessuales, insbesondere Darlegungs- und Beweislast.<\/span><\/li>\n<\/ul><\/div>\n\n\n<style>.wp-block-kadence-advancedbtn.kb-btns54006_09b03d-89{gap:var(--global-kb-gap-xs, 0.5rem );justify-content:center;align-items:center;}.kt-btns54006_09b03d-89 .kt-button{font-weight:normal;font-style:normal;}.kt-btns54006_09b03d-89 .kt-btn-wrap-0{margin-right:5px;}.wp-block-kadence-advancedbtn.kt-btns54006_09b03d-89 .kt-btn-wrap-0 .kt-button{color:#555555;border-color:#555555;}.wp-block-kadence-advancedbtn.kt-btns54006_09b03d-89 .kt-btn-wrap-0 .kt-button:hover, .wp-block-kadence-advancedbtn.kt-btns54006_09b03d-89 .kt-btn-wrap-0 .kt-button:focus{color:#ffffff;border-color:#444444;}.wp-block-kadence-advancedbtn.kt-btns54006_09b03d-89 .kt-btn-wrap-0 .kt-button::before{display:none;}.wp-block-kadence-advancedbtn.kt-btns54006_09b03d-89 .kt-btn-wrap-0 .kt-button:hover, .wp-block-kadence-advancedbtn.kt-btns54006_09b03d-89 .kt-btn-wrap-0 .kt-button:focus{background:#444444;}<\/style>\n<div class=\"wp-block-kadence-advancedbtn kb-buttons-wrap kb-btns54006_09b03d-89\"><style>ul.menu .wp-block-kadence-advancedbtn .kb-btn54006_fafabd-ed.kb-button{width:initial;}.wp-block-kadence-advancedbtn .kb-btn54006_fafabd-ed.kb-button{color:#070000;background:var(--white);border-top-color:#080000;border-top-style:solid;border-right-color:#080000;border-right-style:solid;border-bottom-color:#080000;border-bottom-style:solid;border-left-color:#080000;border-left-style:solid;}.wp-block-kadence-advancedbtn .kb-btn54006_fafabd-ed.kb-button:hover, .wp-block-kadence-advancedbtn .kb-btn54006_fafabd-ed.kb-button:focus{color:var(--white);background:#050000;}@media all and (max-width: 1024px){.wp-block-kadence-advancedbtn .kb-btn54006_fafabd-ed.kb-button{border-top-color:#080000;border-top-style:solid;border-right-color:#080000;border-right-style:solid;border-bottom-color:#080000;border-bottom-style:solid;border-left-color:#080000;border-left-style:solid;}}@media all and (max-width: 767px){.wp-block-kadence-advancedbtn .kb-btn54006_fafabd-ed.kb-button{border-top-color:#080000;border-top-style:solid;border-right-color:#080000;border-right-style:solid;border-bottom-color:#080000;border-bottom-style:solid;border-left-color:#080000;border-left-style:solid;}}<\/style><a class=\"kb-button kt-button button kb-btn54006_fafabd-ed kt-btn-size-standard kt-btn-width-type-auto kb-btn-global-outline  kt-btn-has-text-true kt-btn-has-svg-false  wp-block-kadence-singlebtn\" href=\"https:\/\/www.anwaltakademie.de\/seminare\/seminarpaket-bau-und-architektenrecht-3-x-5-stunden.66353\"><span class=\"kt-btn-inner-text\">weitere Informationen und Anmeldung<\/span><\/a><\/div>\n\n\n\n<p><\/p>\n","protected":false},"featured_media":54214,"template":"","sektoren":[],"kompetenzen":[135,137],"veranstaltungsort":[333],"veranstaltungsjahr":[1038],"ausgabe":[669],"verknuepfung":[747,743],"class_list":["post-54006","gsk_events","type-gsk_events","status-publish","has-post-thumbnail","hentry","kompetenzen-oeffentliches-baurecht-planungsrecht-umweltrecht","kompetenzen-privates-bau-und-architektenrecht","veranstaltungsort-frankfurt-am-main","veranstaltungsjahr-1038","ausgabe-gsk","verknuepfung-planungsrecht-oeffentliches-bau-und-umweltrecht","verknuepfung-privates-bau-architekten-und-ingenieurrecht"],"acf":{"kurztitel":"Seminar: Bau- und Architektenrecht","veranstaltungsdatum":"20-11-2025","veranstaltungsenddatum":"21-11-2025","veranstaltungsdauer":"Zweit\u00e4gig","veranstaltungsort":"Frankfurt am Main","strasse":"Relexa Hotel","plz":"Lurgiallee 2, 60439 Frankfurt a. M.","map":"<iframe src=\"https:\/\/www.google.com\/maps\/embed?pb=!1m18!1m12!1m3!1d537.2376481106694!2d8.63750745223968!3d50.16960197295301!2m3!1f0!2f0!3f0!3m2!1i1024!2i768!4f13.1!3m3!1m2!1s0x47bd08f48d582d29%3A0xb37b603adb981eb6!2srelexa%20hotel%20Frankfurt%20am%20Main!5e0!3m2!1sde!2sde!4v1748351752118!5m2!1sde!2sde\" width=\"600\" height=\"450\" style=\"border:0;\" allowfullscreen=\"\" loading=\"lazy\" referrerpolicy=\"no-referrer-when-downgrade\"><\/iframe>","programmdownload":false,"ansprechpartner":[{"anwalt":{"ID":966,"post_author":"32","post_date":"2019-08-29 11:35:51","post_date_gmt":"2019-08-29 09:35:51","post_content":"<h2>Prof. Dr. Oliver Moufang<\/h2>","post_title":"Oliver Moufang","post_excerpt":"","post_status":"publish","comment_status":"closed","ping_status":"closed","post_password":"","post_name":"prof-dr-oliver-moufang","to_ping":"","pinged":"","post_modified":"2026-04-15 10:35:03","post_modified_gmt":"2026-04-15 08:35:03","post_content_filtered":"","post_parent":0,"guid":"http:\/\/relaunch.gsk.de\/rechtsanwalt\/prof-dr-oliver-moufang\/","menu_order":0,"post_type":"rechtsanwaelte","post_mime_type":"","comment_count":"0","filter":"raw"}}],"standard_text":true,"custom_text":false},"info":{"location":["Frankfurt am Main"],"year":["2025"]},"wpml_main_post_id":54006,"_links":{"self":[{"href":"https:\/\/gsk.de\/de\/wp-json\/wp\/v2\/gsk_events\/54006","targetHints":{"allow":["GET"]}}],"collection":[{"href":"https:\/\/gsk.de\/de\/wp-json\/wp\/v2\/gsk_events"}],"about":[{"href":"https:\/\/gsk.de\/de\/wp-json\/wp\/v2\/types\/gsk_events"}],"wp:featuredmedia":[{"embeddable":true,"href":"https:\/\/gsk.de\/de\/wp-json\/wp\/v2\/media\/54214"}],"wp:attachment":[{"href":"https:\/\/gsk.de\/de\/wp-json\/wp\/v2\/media?parent=54006"}],"wp:term":[{"taxonomy":"sektoren","embeddable":true,"href":"https:\/\/gsk.de\/de\/wp-json\/wp\/v2\/sektoren?post=54006"},{"taxonomy":"kompetenzen","embeddable":true,"href":"https:\/\/gsk.de\/de\/wp-json\/wp\/v2\/kompetenzen?post=54006"},{"taxonomy":"veranstaltungsort","embeddable":true,"href":"https:\/\/gsk.de\/de\/wp-json\/wp\/v2\/veranstaltungsort?post=54006"},{"taxonomy":"veranstaltungsjahr","embeddable":true,"href":"https:\/\/gsk.de\/de\/wp-json\/wp\/v2\/veranstaltungsjahr?post=54006"},{"taxonomy":"ausgabe","embeddable":true,"href":"https:\/\/gsk.de\/de\/wp-json\/wp\/v2\/ausgabe?post=54006"},{"taxonomy":"verknuepfung","embeddable":true,"href":"https:\/\/gsk.de\/de\/wp-json\/wp\/v2\/verknuepfung?post=54006"}],"curies":[{"name":"wp","href":"https:\/\/api.w.org\/{rel}","templated":true}]}}

Verjährung am Bau: anwaltliche Strategien und Haftungsfallen

<p>Vom 20. &#8211; 21. November 2025 bietet die DeutscheAnwaltAkademie ein Seminarpaket im Bau- und Architektenrecht in Frankfurt an.</p>



<p>Hierbei wird unser Partner Prof. Dr. Oliver Moufang am 21. November 2025 zum Thema &#8222;Verjährung am Bau: anwaltliche Strategien und Haftungsfallen&#8220; referieren.</p>



<p>Das Seminar richtet sich an Rechtsanwälte und Rechtsanwältinnen, insbesondere Fachanwälte und Fachanwältinnen für Bau- und Architektenrecht, die sich gezielt mit der Verjährungsproblematik beschäftigen möchten</p>



<p>In diesem Seminar werden gezielt die aktuellen Fragen und Schwierigkeiten mit der Verjährung anhand der einzelnen Tatbestände erläutert. Strategien zur Sicherung der Ansprüche und zur Vermeidung von Haftungsfallen werden dargestellt.</p>



<p><strong>Schwerpunkte:</strong></p>


<style>.wp-block-kadence-iconlist.kt-svg-icon-list-items54006_41399c-dd:not(.this-stops-third-party-issues){margin-top:0px;margin-bottom:0px;}.wp-block-kadence-iconlist.kt-svg-icon-list-items54006_41399c-dd ul.kt-svg-icon-list:not(.this-prevents-issues):not(.this-stops-third-party-issues):not(.tijsloc){margin-top:0px;margin-right:0px;margin-bottom:var(--global-kb-spacing-sm, 1.5rem);margin-left:0px;}.wp-block-kadence-iconlist.kt-svg-icon-list-items54006_41399c-dd ul.kt-svg-icon-list{grid-row-gap:5px;}.wp-block-kadence-iconlist.kt-svg-icon-list-items54006_41399c-dd ul.kt-svg-icon-list .kt-svg-icon-list-item-wrap .kt-svg-icon-list-single{margin-right:10px;}.kt-svg-icon-list-items54006_41399c-dd ul.kt-svg-icon-list .kt-svg-icon-list-level-0 .kt-svg-icon-list-single svg{font-size:20px;}</style>
<div class="wp-block-kadence-iconlist kt-svg-icon-list-items kt-svg-icon-list-items54006_41399c-dd kt-svg-icon-list-columns-1 alignnone"><ul class="kt-svg-icon-list"><style>.kt-svg-icon-list-item-54006_6c6934-42 .kt-svg-icon-list-text mark.kt-highlight{background-color:unset;font-style:normal;color:#f76a0c;-webkit-box-decoration-break:clone;box-decoration-break:clone;padding-top:0px;padding-right:0px;padding-bottom:0px;padding-left:0px;}</style>
<li class="wp-block-kadence-listitem kt-svg-icon-list-item-wrap kt-svg-icon-list-item-54006_6c6934-42"><span class="kb-svg-icon-wrap kb-svg-icon-fe_checkCircle kt-svg-icon-list-single"><svg viewBox="0 0 24 24"  fill="none" stroke="currentColor" stroke-width="2" stroke-linecap="round" stroke-linejoin="round" xmlns="http://www.w3.org/2000/svg"  aria-hidden="true"><path d="M22 11.08V12a10 10 0 1 1-5.93-9.14"/><polyline points="22 4 12 14.01 9 11.01"/></svg></span><span class="kt-svg-icon-list-text">Grundlagen des Verjährungsrechts, insbesondere zur werkvertraglichen Verjährung gem. § 634a BGB und zur regelmäßigen Verjährungsfrist gem. §§ 195, 199 BGB, Vereinbarungen zur Verjährung unter Berücksichtigung des AGB-Rechts, Ausgestaltungen von Verjährungsverzichtserklärungen.</span></li>


<style>.kt-svg-icon-list-item-54006_e9eca9-76 .kt-svg-icon-list-text mark.kt-highlight{background-color:unset;font-style:normal;color:#f76a0c;-webkit-box-decoration-break:clone;box-decoration-break:clone;padding-top:0px;padding-right:0px;padding-bottom:0px;padding-left:0px;}</style>
<li class="wp-block-kadence-listitem kt-svg-icon-list-item-wrap kt-svg-icon-list-item-54006_e9eca9-76"><span class="kb-svg-icon-wrap kb-svg-icon-fe_checkCircle kt-svg-icon-list-single"><svg viewBox="0 0 24 24"  fill="none" stroke="currentColor" stroke-width="2" stroke-linecap="round" stroke-linejoin="round" xmlns="http://www.w3.org/2000/svg"  aria-hidden="true"><path d="M22 11.08V12a10 10 0 1 1-5.93-9.14"/><polyline points="22 4 12 14.01 9 11.01"/></svg></span><span class="kt-svg-icon-list-text">Hemmung und Neubeginn der Verjährung, insbesondere Hemmung durch Verhandlungen, Hemmung durch Rechtsverfolgung (u. a. Klage, Mahnbescheid, Streitverkündung), Hemmung durch selbständiges Beweisverfahren.</span></li>


<style>.kt-svg-icon-list-item-54006_89f176-37 .kt-svg-icon-list-text mark.kt-highlight{background-color:unset;font-style:normal;color:#f76a0c;-webkit-box-decoration-break:clone;box-decoration-break:clone;padding-top:0px;padding-right:0px;padding-bottom:0px;padding-left:0px;}</style>
<li class="wp-block-kadence-listitem kt-svg-icon-list-item-wrap kt-svg-icon-list-item-54006_89f176-37"><span class="kb-svg-icon-wrap kb-svg-icon-fe_checkCircle kt-svg-icon-list-single"><svg viewBox="0 0 24 24"  fill="none" stroke="currentColor" stroke-width="2" stroke-linecap="round" stroke-linejoin="round" xmlns="http://www.w3.org/2000/svg"  aria-hidden="true"><path d="M22 11.08V12a10 10 0 1 1-5.93-9.14"/><polyline points="22 4 12 14.01 9 11.01"/></svg></span><span class="kt-svg-icon-list-text">Zur Verjährung besonderer Ansprüche, insbesondere Ansprüche aus Bürgschaft, Vergütungsansprüche nach BGB und VOB/B, Honoraransprüche von Architekten und Architektinnen bzw. Sonderfachleuten, Verjährung in Bauträgerverträgen, Verjährung im Gesamtschuldnerausgleich.</span></li>


<style>.kt-svg-icon-list-item-54006_130196-65 .kt-svg-icon-list-text mark.kt-highlight{background-color:unset;font-style:normal;color:#f76a0c;-webkit-box-decoration-break:clone;box-decoration-break:clone;padding-top:0px;padding-right:0px;padding-bottom:0px;padding-left:0px;}</style>
<li class="wp-block-kadence-listitem kt-svg-icon-list-item-wrap kt-svg-icon-list-item-54006_130196-65"><span class="kb-svg-icon-wrap kb-svg-icon-fe_checkCircle kt-svg-icon-list-single"><svg viewBox="0 0 24 24"  fill="none" stroke="currentColor" stroke-width="2" stroke-linecap="round" stroke-linejoin="round" xmlns="http://www.w3.org/2000/svg"  aria-hidden="true"><path d="M22 11.08V12a10 10 0 1 1-5.93-9.14"/><polyline points="22 4 12 14.01 9 11.01"/></svg></span><span class="kt-svg-icon-list-text">Prozessuales, insbesondere Darlegungs- und Beweislast.</span></li>
</ul></div>


<style>.wp-block-kadence-advancedbtn.kb-btns54006_09b03d-89{gap:var(--global-kb-gap-xs, 0.5rem );justify-content:center;align-items:center;}.kt-btns54006_09b03d-89 .kt-button{font-weight:normal;font-style:normal;}.kt-btns54006_09b03d-89 .kt-btn-wrap-0{margin-right:5px;}.wp-block-kadence-advancedbtn.kt-btns54006_09b03d-89 .kt-btn-wrap-0 .kt-button{color:#555555;border-color:#555555;}.wp-block-kadence-advancedbtn.kt-btns54006_09b03d-89 .kt-btn-wrap-0 .kt-button:hover, .wp-block-kadence-advancedbtn.kt-btns54006_09b03d-89 .kt-btn-wrap-0 .kt-button:focus{color:#ffffff;border-color:#444444;}.wp-block-kadence-advancedbtn.kt-btns54006_09b03d-89 .kt-btn-wrap-0 .kt-button::before{display:none;}.wp-block-kadence-advancedbtn.kt-btns54006_09b03d-89 .kt-btn-wrap-0 .kt-button:hover, .wp-block-kadence-advancedbtn.kt-btns54006_09b03d-89 .kt-btn-wrap-0 .kt-button:focus{background:#444444;}</style>
<div class="wp-block-kadence-advancedbtn kb-buttons-wrap kb-btns54006_09b03d-89"><style>ul.menu .wp-block-kadence-advancedbtn .kb-btn54006_fafabd-ed.kb-button{width:initial;}.wp-block-kadence-advancedbtn .kb-btn54006_fafabd-ed.kb-button{color:#070000;background:var(--white);border-top-color:#080000;border-top-style:solid;border-right-color:#080000;border-right-style:solid;border-bottom-color:#080000;border-bottom-style:solid;border-left-color:#080000;border-left-style:solid;}.wp-block-kadence-advancedbtn .kb-btn54006_fafabd-ed.kb-button:hover, .wp-block-kadence-advancedbtn .kb-btn54006_fafabd-ed.kb-button:focus{color:var(--white);background:#050000;}@media all and (max-width: 1024px){.wp-block-kadence-advancedbtn .kb-btn54006_fafabd-ed.kb-button{border-top-color:#080000;border-top-style:solid;border-right-color:#080000;border-right-style:solid;border-bottom-color:#080000;border-bottom-style:solid;border-left-color:#080000;border-left-style:solid;}}@media all and (max-width: 767px){.wp-block-kadence-advancedbtn .kb-btn54006_fafabd-ed.kb-button{border-top-color:#080000;border-top-style:solid;border-right-color:#080000;border-right-style:solid;border-bottom-color:#080000;border-bottom-style:solid;border-left-color:#080000;border-left-style:solid;}}</style><a class="kb-button kt-button button kb-btn54006_fafabd-ed kt-btn-size-standard kt-btn-width-type-auto kb-btn-global-outline  kt-btn-has-text-true kt-btn-has-svg-false  wp-block-kadence-singlebtn" href="https://www.anwaltakademie.de/seminare/seminarpaket-bau-und-architektenrecht-3-x-5-stunden.66353"><span class="kt-btn-inner-text">weitere Informationen und Anmeldung</span></a></div>



<p></p>

Zweitägig
